{"id":905,"date":"2021-03-29T15:45:00","date_gmt":"2021-03-29T13:45:00","guid":{"rendered":"https:\/\/klavirnikurzybrno.cz\/?page_id=905"},"modified":"2021-03-29T15:45:00","modified_gmt":"2021-03-29T13:45:00","slug":"mga-pavel-zemen","status":"publish","type":"page","link":"https:\/\/konzervatorbrno.eu\/klavirnikurzy\/mga-pavel-zemen\/","title":{"rendered":"MgA. Pavel Zemen"},"content":{"rendered":"\n<div class=\"wp-block-media-text alignwide is-stacked-on-mobile is-vertically-aligned-top\" style=\"grid-template-columns:15% auto\"><figure class=\"wp-block-media-text__media\"><img loading=\"lazy\" decoding=\"async\" width=\"642\" height=\"1024\" src=\"http:\/\/klavirnikurzybrno.cz\/wp-content\/uploads\/2021\/03\/zemen_pavel-1-edited-642x1024.jpg\" alt=\"\" class=\"wp-image-421 size-full\" srcset=\"https:\/\/konzervatorbrno.eu\/klavirnikurzy\/wp-content\/uploads\/2021\/03\/zemen_pavel-1-edited-642x1024.jpg 642w, https:\/\/konzervatorbrno.eu\/klavirnikurzy\/wp-content\/uploads\/2021\/03\/zemen_pavel-1-edited-188x300.jpg 188w, https:\/\/konzervatorbrno.eu\/klavirnikurzy\/wp-content\/uploads\/2021\/03\/zemen_pavel-1-edited-768x1225.jpg 768w, https:\/\/konzervatorbrno.eu\/klavirnikurzy\/wp-content\/uploads\/2021\/03\/zemen_pavel-1-edited.jpg 863w\" sizes=\"auto, (max-width: 642px) 100vw, 642px\" \/><\/figure><div class=\"wp-block-media-text__content\">\n<p><strong>MgA. Pavel Zemen<\/strong> za\u010dal hr\u00e1t na klav\u00edr pod veden\u00edm sv\u00e9 matky Ta\u0165\u00e1ny Zemenov\u00e9 a Ireny Hlasov\u00e9 na ZU\u0160 v Rychnov\u011b nad Kn\u011b\u017enou. Absolvoval studium na Konzervato\u0159i v \u010cesk\u00fdch Bud\u011bjovic\u00edch ve t\u0159\u00edd\u011b MgA. Marie \u0160imkov\u00e9-Kotr\u010dov\u00e9 a pokra\u010doval magistersk\u00fdm studiem na JAMU v Brn\u011b ve t\u0159\u00edd\u011b prof. Aleny Vlas\u00e1kov\u00e9.<\/p>\n\n\n\n<p>&nbsp;&nbsp; Stal se laure\u00e1tem n\u011bkolika tuzemsk\u00fdch i mezin\u00e1rodn\u00edch sout\u011b\u017e\u00ed, jako nap\u0159\u00edklad: Nadace Bohuslava Martin\u016f v Praze (1. cena), Young Academy Award v \u0158\u00edm\u011b (1.cena), Euregio Piano Award v n\u011bmeck\u00e9m Geilenkirchenu (4. cena a titul Finalisty), Mauro Paolo Monopoli Prize v italsk\u00e9 Barlett\u011b (6. cena a titul Finalisty), Mezin\u00e1rodn\u00ed sout\u011b\u017e Leo\u0161e Jan\u00e1\u010dka v Brn\u011b (1. cena a ocen\u011bn\u00ed pro nejlep\u0161\u00edho \u010desk\u00e9ho \u00fa\u010dastn\u00edka sout\u011b\u017ee), International Piano Competition v italsk\u00e9m Lonigu (cena Grand Prix), International Piano Competition ve V\u00eddni (cena Grand Prix), Semifin\u00e1le Mezin\u00e1rodn\u00ed sout\u011b\u017ee Leeds Piano Competition 2018 atp.<\/p>\n\n\n\n<p>&nbsp;&nbsp; Absolvoval n\u011bkolik masterclass\u016f pod veden\u00edm v\u00fdznamn\u00fdch pianist\u016f a pedagog\u016f: prof. A. Vlas\u00e1kov\u00e1, prof. V. Nosina, prof.C. Moniuszko, prof. E. Indji\u010d, J. Anera, N. Lugansky, P. Lewis atp.<\/p>\n\n\n\n<p>&nbsp;&nbsp; Vystoupil tak\u00e9 na n\u011bkolika v\u00fdznamn\u00fdch hudebn\u00edch festivalech: Pra\u017esk\u00e9 Jaro 2013 a 2019, Mezin\u00e1rodn\u00ed hudebn\u00ed festival \u010cesk\u00fd Krumlov 2013, Le strade d\u00b4Europe 2016 ve Vilniusu, Jan\u00e1\u010dek Brno 2016, Jan\u00e1\u010dk\u016fv M\u00e1j 2018, Classix Dresden 2018 apod.&nbsp; N\u011bkolikr\u00e1t spolupracoval s \u010cesk\u00fdm Rozhlasem Brno a \u010cRo3 Vltava v \u017eiv\u00fdch vys\u00edl\u00e1n\u00edch nebo formou studiov\u00e9ho nahr\u00e1v\u00e1n\u00ed. Jako s\u00f3lista vystoupil s Jiho\u010deskou komorn\u00ed filharmoni\u00ed, Moravskou filharmoni\u00ed Olomouc a Czech Virtuosi Orchestra. &nbsp;&nbsp;&nbsp;&nbsp;<\/p>\n\n\n\n<p>&nbsp;&nbsp; Jako pedagog p\u016fsobil na ZU\u0160 Rychnov nad Kn\u011b\u017enou, Brno Veve\u0159\u00ed, Hodon\u00edn a Habrmanova v Hradci Kr\u00e1lov\u00e9 a jeho studenti dos\u00e1hli n\u011bkolika sout\u011b\u017en\u00edch \u010di jin\u00fdch \u00fasp\u011bch\u016f \u2013 ceny v okresn\u00edch, krajsk\u00fdch kolech \u010di 1. cena v celost\u00e1tn\u00edm kole Sout\u011b\u017ee Z\u00e1kladn\u00edch um\u011bleck\u00fdch \u0161kol 2016, ocen\u011bn\u00ed Talent kr\u00e1lov\u00e9hradeck\u00e9 kultury 2016 atp. Pedagogem Konzervato\u0159e Brno je od roku 2017.<\/p>\n\n\n\n<p>&nbsp;&nbsp; V sou\u010dasn\u00e9 dob\u011b je studentem doktorsk\u00e9ho studia JAMU v Brn\u011b pod veden\u00edm prof. Aleny Vlas\u00e1kov\u00e9.<\/p>\n<\/div><\/div>\n","protected":false},"excerpt":{"rendered":"<p>MgA. Pavel Zemen za\u010dal hr\u00e1t na klav\u00edr pod veden\u00edm sv\u00e9 matky Ta\u0165\u00e1ny Zemenov\u00e9 a Ireny Hlasov\u00e9 na ZU\u0160 v Rychnov\u011b nad Kn\u011b\u017enou. Absolvoval studium na Konzervato\u0159i v \u010cesk\u00fdch Bud\u011bjovic\u00edch ve t\u0159\u00edd\u011b MgA. Marie \u0160imkov\u00e9-Kotr\u010dov\u00e9 a pokra\u010doval magistersk\u00fdm studiem na JAMU v Brn\u011b ve t\u0159\u00edd\u011b prof. Aleny Vlas\u00e1kov\u00e9. &nbsp;&nbsp; Stal se laure\u00e1tem n\u011bkolika tuzemsk\u00fdch i mezin\u00e1rodn\u00edch&hellip; <a class=\"more-link\" href=\"https:\/\/konzervatorbrno.eu\/klavirnikurzy\/mga-pavel-zemen\/\">Pokra\u010dovat ve\u00a0\u010dten\u00ed <span class=\"screen-reader-text\">MgA. Pavel Zemen<\/span><\/a><\/p>\n","protected":false},"author":4,"featured_media":0,"parent":0,"menu_order":0,"comment_status":"closed","ping_status":"closed","template":"","meta":{"ngg_post_thumbnail":0,"footnotes":""},"class_list":["post-905","page","type-page","status-publish","hentry","entry"],"_links":{"self":[{"href":"https:\/\/konzervatorbrno.eu\/klavirnikurzy\/wp-json\/wp\/v2\/pages\/905","targetHints":{"allow":["GET"]}}],"collection":[{"href":"https:\/\/konzervatorbrno.eu\/klavirnikurzy\/wp-json\/wp\/v2\/pages"}],"about":[{"href":"https:\/\/konzervatorbrno.eu\/klavirnikurzy\/wp-json\/wp\/v2\/types\/page"}],"author":[{"embeddable":true,"href":"https:\/\/konzervatorbrno.eu\/klavirnikurzy\/wp-json\/wp\/v2\/users\/4"}],"replies":[{"embeddable":true,"href":"https:\/\/konzervatorbrno.eu\/klavirnikurzy\/wp-json\/wp\/v2\/comments?post=905"}],"version-history":[{"count":1,"href":"https:\/\/konzervatorbrno.eu\/klavirnikurzy\/wp-json\/wp\/v2\/pages\/905\/revisions"}],"predecessor-version":[{"id":906,"href":"https:\/\/konzervatorbrno.eu\/klavirnikurzy\/wp-json\/wp\/v2\/pages\/905\/revisions\/906"}],"wp:attachment":[{"href":"https:\/\/konzervatorbrno.eu\/klavirnikurzy\/wp-json\/wp\/v2\/media?parent=905"}],"curies":[{"name":"wp","href":"https:\/\/api.w.org\/{rel}","templated":true}]}}