{"id":876,"date":"2021-03-29T14:59:54","date_gmt":"2021-03-29T12:59:54","guid":{"rendered":"https:\/\/klavirnikurzybrno.cz\/?page_id=876"},"modified":"2021-03-29T14:59:54","modified_gmt":"2021-03-29T12:59:54","slug":"mga-ladislav-dolezel","status":"publish","type":"page","link":"https:\/\/konzervatorbrno.eu\/klavirnikurzy\/mga-ladislav-dolezel\/","title":{"rendered":"MgA. Ladislav Dole\u017eel"},"content":{"rendered":"\n<div class=\"wp-block-media-text alignwide is-stacked-on-mobile\" style=\"grid-template-columns:15% auto\"><figure class=\"wp-block-media-text__media\"><img loading=\"lazy\" decoding=\"async\" width=\"637\" height=\"1024\" src=\"http:\/\/klavirnikurzybrno.cz\/wp-content\/uploads\/2021\/03\/lada-edited-637x1024.jpg\" alt=\"\" class=\"wp-image-383 size-full\" srcset=\"https:\/\/konzervatorbrno.eu\/klavirnikurzy\/wp-content\/uploads\/2021\/03\/lada-edited-637x1024.jpg 637w, https:\/\/konzervatorbrno.eu\/klavirnikurzy\/wp-content\/uploads\/2021\/03\/lada-edited-187x300.jpg 187w, https:\/\/konzervatorbrno.eu\/klavirnikurzy\/wp-content\/uploads\/2021\/03\/lada-edited.jpg 663w\" sizes=\"auto, (max-width: 637px) 100vw, 637px\" \/><\/figure><div class=\"wp-block-media-text__content\">\n<p><strong>MgA. Ladislav Dole\u017eel<\/strong> vystudoval brn\u011bnskou Konzervato\u0159 pod veden\u00edm profesorky Evy Hor\u00e1kov\u00e9. V letech 2005 \u2013 2011 pokra\u010doval ve studi\u00edch na Akademii m\u00fazick\u00fdch um\u011bn\u00ed v Praze u prof. Emila Leichnera. Sv\u00e1 studia klav\u00edru si roz\u0161\u00ed\u0159il t\u00e9\u017e na ro\u010dn\u00ed st\u00e1\u017ei ve \u0160v\u00fdcarsku na Z\u00fcrcher Hochschule der K\u00fcnste u Konstantina \u0160erbakova. B\u011bhem studi\u00ed z\u00edskal \u0159adu ocen\u011bn\u00ed na n\u00e1rodn\u00edch i mezin\u00e1rodn\u00edch sout\u011b\u017e\u00edch, nap\u0159.: Beethoven\u016fv Hradec (1.cena), Smetanovsk\u00e1 sout\u011b\u017e v Plzni (2. i 1.cena), Verfemte Musik Schwerin (3.cena, duo housle a klav\u00edr), Sout\u011b\u017e Martin\u016f (1.cena). Spolupracoval s orchestry Konzervato\u0159e Brno, Kennemer Yeugd Orkest Haarlem, s Filharmoni\u00ed Bohuslava Martin\u016f Zl\u00edn a Filharmoni\u00ed Brno.<\/p>\n<\/div><\/div>\n","protected":false},"excerpt":{"rendered":"<p>MgA. Ladislav Dole\u017eel vystudoval brn\u011bnskou Konzervato\u0159 pod veden\u00edm profesorky Evy Hor\u00e1kov\u00e9. V letech 2005 \u2013 2011 pokra\u010doval ve studi\u00edch na Akademii m\u00fazick\u00fdch um\u011bn\u00ed v Praze u prof. Emila Leichnera. Sv\u00e1 studia klav\u00edru si roz\u0161\u00ed\u0159il t\u00e9\u017e na ro\u010dn\u00ed st\u00e1\u017ei ve \u0160v\u00fdcarsku na Z\u00fcrcher Hochschule der K\u00fcnste u Konstantina \u0160erbakova. B\u011bhem studi\u00ed z\u00edskal \u0159adu ocen\u011bn\u00ed na n\u00e1rodn\u00edch&hellip; <a class=\"more-link\" href=\"https:\/\/konzervatorbrno.eu\/klavirnikurzy\/mga-ladislav-dolezel\/\">Pokra\u010dovat ve\u00a0\u010dten\u00ed <span class=\"screen-reader-text\">MgA. Ladislav Dole\u017eel<\/span><\/a><\/p>\n","protected":false},"author":4,"featured_media":0,"parent":0,"menu_order":0,"comment_status":"closed","ping_status":"closed","template":"","meta":{"ngg_post_thumbnail":0,"footnotes":""},"class_list":["post-876","page","type-page","status-publish","hentry","entry"],"_links":{"self":[{"href":"https:\/\/konzervatorbrno.eu\/klavirnikurzy\/wp-json\/wp\/v2\/pages\/876","targetHints":{"allow":["GET"]}}],"collection":[{"href":"https:\/\/konzervatorbrno.eu\/klavirnikurzy\/wp-json\/wp\/v2\/pages"}],"about":[{"href":"https:\/\/konzervatorbrno.eu\/klavirnikurzy\/wp-json\/wp\/v2\/types\/page"}],"author":[{"embeddable":true,"href":"https:\/\/konzervatorbrno.eu\/klavirnikurzy\/wp-json\/wp\/v2\/users\/4"}],"replies":[{"embeddable":true,"href":"https:\/\/konzervatorbrno.eu\/klavirnikurzy\/wp-json\/wp\/v2\/comments?post=876"}],"version-history":[{"count":1,"href":"https:\/\/konzervatorbrno.eu\/klavirnikurzy\/wp-json\/wp\/v2\/pages\/876\/revisions"}],"predecessor-version":[{"id":878,"href":"https:\/\/konzervatorbrno.eu\/klavirnikurzy\/wp-json\/wp\/v2\/pages\/876\/revisions\/878"}],"wp:attachment":[{"href":"https:\/\/konzervatorbrno.eu\/klavirnikurzy\/wp-json\/wp\/v2\/media?parent=876"}],"curies":[{"name":"wp","href":"https:\/\/api.w.org\/{rel}","templated":true}]}}